{"id":74,"date":"2018-05-16T06:25:07","date_gmt":"2018-05-16T06:25:07","guid":{"rendered":"http:\/\/gebri.de\/?page_id=74"},"modified":"2022-11-13T16:33:13","modified_gmt":"2022-11-13T16:33:13","slug":"datenschutzerklaerung","status":"publish","type":"page","link":"http:\/\/gebri.de\/?page_id=74","title":{"rendered":"Datenschutzerkl\u00e4rung"},"content":{"rendered":"<h4>&gt;&gt;&gt; <a href=\"http:\/\/gebri.de\/\">Kontakt<\/a> &gt;&gt;&gt; <a href=\"http:\/\/gebri.de\/?page_id=48\">Dienstleistungen<\/a>&gt;&gt;&gt; <a href=\"http:\/\/gebri.de\/?page_id=12\">Gebri-Rohrfu\u00dfleisten<\/a> &gt;&gt;&gt; <a href=\"http:\/\/gebri.de\/?page_id=25\">Impressum<\/a><\/h4>\n<p>Verantwortliche Stelle im Sinne der Datenschutzgesetze ist:<\/p>\n<p>Gerhard Brinkmann, Talbr\u00fcckenstr. 192, 33609 Bielefeld<\/p>\n<h2>L\u00f6schung bzw. Sperrung der Daten<\/h2>\n<p>Wir halten uns an die Grunds\u00e4tze der Datenvermeidung und Datensparsamkeit. Wir speichern Ihre personenbezogenen Daten daher nur so lange, wie dies zur Erreichung der hier genannten Zwecke erforderlich ist oder wie es die vom Gesetzgeber vorgesehenen vielf\u00e4ltigen Speicherfristen vorsehen. Nach Fortfall des jeweiligen Zweckes bzw. Ablauf dieser Fristen werden die entsprechenden Daten routinem\u00e4\u00dfig und entsprechend den gesetzlichen Vorschriften gesperrt oder gel\u00f6scht.<\/p>\n<h2><strong>Ihre Rechte auf Auskunft, Berichtigung, Sperre, L\u00f6schung und Widerspruch<\/strong><\/h2>\n<p>Sie haben das Recht, jederzeit Auskunft \u00fcber Ihre bei uns gespeicherten personenbezogenen Daten zu erhalten. Ebenso haben Sie das Recht auf Berichtigung, Sperrung oder, abgesehen von der vorgeschriebenen Datenspeicherung zur Gesch\u00e4ftsabwicklung, L\u00f6schung Ihrer personenbezogenen Daten. Bitte wenden Sie sich dazu an unseren Datenschutzbeauftragten. Die Kontaktdaten finden Sie ganz unten.<\/p>\n<p>Damit eine Sperre von Daten jederzeit ber\u00fccksichtigt werden kann, m\u00fcssen diese Daten zu Kontrollzwecken in einer Sperrdatei vorgehalten werden. Sie k\u00f6nnen auch die L\u00f6schung der Daten verlangen, soweit keine gesetzliche Archivierungsverpflichtung besteht. Soweit eine solche Verpflichtung besteht, sperren wir Ihre Daten auf Wunsch.<\/p>\n<p>Sie k\u00f6nnen \u00c4nderungen oder den Widerruf einer Einwilligung durch entsprechende Mitteilung an uns mit Wirkung f\u00fcr die Zukunft vornehmen.<\/p>\n<h2>Datenverarbeitung zur \u00dcbermittlung der Onlineinhalte<\/h2>\n<p>Zum Zweck der \u00dcbermittlung der von Ihnen aufgerufenen Webseite werden von Ihrem Browser typischerweise unter anderem folgende Informationen (im Rahmen von sogenannten HTTP-Requests) \u00fcbersandt:<\/p>\n<ul>\n<li>Ihre IP-Adresse, eine Ziffernfolge, die Ihren derzeitigen Computeranschluss im Internet identifiziert.<\/li>\n<li>Die von Ihnen aufgerufene URL (die Webseite und ggf. weitere Parameter),<\/li>\n<li>Informationen zu dem von Ihnen verwendeten Browser und Betriebssystem, wie deren Name und Version<br \/>\nsowie \u2013 unter Umst\u00e4nden \u2013 die Seite, von der aus Sie zu uns gelangt sind (Referrer-Information).<\/li>\n<li>Der Zeitpunkt der Anfrage.<\/li>\n<\/ul>\n<h2>Cookies<\/h2>\n<p>Die Internetseiten verwenden an mehreren stellen so genannte Cookies. sie dienen dazu, unser Angebot nutzerfreundlicher,effektiver und sicherer zu machen.Cookies sind kleine Textdateien, die auf Ihrem Rechner abgelegt werden und die Ihr Browser speichert. Die meisten der von uns verwendeten Cookies sind sogenannte \u201eSession-Cookies\u201c . Sie werden nach Ende Ihre Besuches automatisch gel\u00f6scht.Cookies richten auf Ihrem Rechner keinen Schaden an und enthalten keine Vieren.<\/p>\n<h2>WordPress-Plugins<\/h2>\n<p>Es sind keine datenschutzrelevanten WordPress-Plugins in Verwendung!<\/p>\n<h2>Google-Fonts<\/h2>\n<p>Soweit Google-Fonts Verwendung finden, werden diese <strong>lokal gehostet<\/strong>!<\/p>\n<h2><strong>\u00c4nderung unserer Datenschutzbestimmungen<\/strong><\/h2>\n<p>Wir behalten uns vor, diese Datenschutzerkl\u00e4rung gelegentlich anzupassen, damit sie stets den aktuellen rechtlichen Anforderungen entspricht oder um \u00c4nderungen unserer Leistungen in der Datenschutzerkl\u00e4rung umzusetzen, z. B. bei der Einf\u00fchrung neuer Services. F\u00fcr Ihren erneuten Besuch gilt dann die neue Datenschutzerkl\u00e4rung.<\/p>\n<p><em>Die Datenschutzerkl\u00e4rung wurde mit dem <\/em><a href=\"https:\/\/www.activemind.de\/datenschutz\/datenschutzhinweis-generator\/\"><em>Datenschutzerkl\u00e4rungs-Generator der activeMind AG erstellt<\/em><\/a><em>.<\/em><\/p>\n","protected":false},"excerpt":{"rendered":"<p>&gt;&gt;&gt; Kontakt &gt;&gt;&gt; Dienstleistungen&gt;&gt;&gt; Gebri-Rohrfu\u00dfleisten &gt;&gt;&gt; Impressum Verantwortliche Stelle im Sinne der Datenschutzgesetze ist: Gerhard Brinkmann, Talbr\u00fcckenstr. 192, 33609 Bielefeld L\u00f6schung bzw. Sperrung der Daten Wir halten uns an die Grunds\u00e4tze der Datenvermeidung und Datensparsamkeit. Wir speichern Ihre personenbezogenen Daten daher nur so lange, wie dies zur Erreichung der hier genannten Zwecke erforderlich ist oder &hellip; <a href=\"http:\/\/gebri.de\/?page_id=74\" class=\"more-link\"><span class=\"screen-reader-text\">Datenschutzerkl\u00e4rung<\/span> weiterlesen <span class=\"meta-nav\">&rarr;<\/span><\/a><\/p>\n","protected":false},"author":1,"featured_media":0,"parent":0,"menu_order":0,"comment_status":"closed","ping_status":"closed","template":"","meta":{"footnotes":""},"class_list":["post-74","page","type-page","status-publish","hentry"],"_links":{"self":[{"href":"http:\/\/gebri.de\/index.php?rest_route=\/wp\/v2\/pages\/74","targetHints":{"allow":["GET"]}}],"collection":[{"href":"http:\/\/gebri.de\/index.php?rest_route=\/wp\/v2\/pages"}],"about":[{"href":"http:\/\/gebri.de\/index.php?rest_route=\/wp\/v2\/types\/page"}],"author":[{"embeddable":true,"href":"http:\/\/gebri.de\/index.php?rest_route=\/wp\/v2\/users\/1"}],"replies":[{"embeddable":true,"href":"http:\/\/gebri.de\/index.php?rest_route=%2Fwp%2Fv2%2Fcomments&post=74"}],"version-history":[{"count":8,"href":"http:\/\/gebri.de\/index.php?rest_route=\/wp\/v2\/pages\/74\/revisions"}],"predecessor-version":[{"id":100,"href":"http:\/\/gebri.de\/index.php?rest_route=\/wp\/v2\/pages\/74\/revisions\/100"}],"wp:attachment":[{"href":"http:\/\/gebri.de\/index.php?rest_route=%2Fwp%2Fv2%2Fmedia&parent=74"}],"curies":[{"name":"wp","href":"https:\/\/api.w.org\/{rel}","templated":true}]}}